ommon divisor of k and 11.
11
Suppose -2*h + 0*h = 4. Let c be 5/(-10) + (-17)/h. Let n be 1/(-2)*(-3 + -13). Calculate the greatest common factor of c and n.
8
Let i be (22/110)/(2/10). Calculate the greatest common divisor of 11 and i.
1
Suppose -13*m + 199 + 542 = 0. Suppose -8*d + 76 = -4*d. Calculate the highest common divisor of m and d.
19
Let i be 104/(-364) + 7634/14. Calculate the greatest common factor of i and 10.
5
Suppose -2*h + 74 = 3*a, 68*a - 65*a - 4*h - 104 = 0. What is the greatest common divisor of a and 994?
14
Suppose 5*t - 5 + 20 = 4*w, 2*w + 2*t - 30 = 0. Calculate the highest common factor of w and 490.
10
Suppose -144 = -8*w - 1440. Let m be (11 + -1)*w/(-36). What is the greatest common factor of 15 and m?
15
Let f be ((-44)/4)/1*11. Let q = -96 - f. Calculate the greatest common divisor of 225 and q.
25
Suppose 5*m + 5*f = 0, -m = 3*f - f + 2. What is the highest common factor of m and 422?
2
Let u be 2 + 2/(-1) + 299. Let m be 10 - ((-2)/(-9) - (-319)/(-99)). What is the highest common divisor of m and u?
13
Suppose 2*c - 2*l - 22 = 0, -4*c - 16*l + 26 = -17*l. Let j(w) = -w**2 - 5*w + 1. Let u be j(-5). Calculate the highest common divisor of u and c.
1
Let r(n) = -8*n + 10 - 16 - 3*n. Let o be r(16). Let k = o - -259. What is the greatest common factor of k and 7?
7
Let n = -865 + 875. Calculate the greatest common divisor of n and 185.
5
Suppose -9*z + 1133 = -1144. What is the highest common divisor of 11 and z?
11
Let t = -538 + 673. Calculate the greatest common factor of 360 and t.
45
Let u(d) = 3*d**2 + 4*d + 3. Let t = -18 + 24. Let c be u(t). Calculate the greatest common factor of 15 and c.
15
Suppose -8*t = 6*t - 2772. What is the greatest common factor of 11 and t?
11
Let j(u) = -489 - 9*u + 5*u**2 + 481 - 4*u**2. Let m be j(11). What is the greatest common divisor of 14 and m?
14
Let k = 24 + -11. Let i = 4616 + -4590. What is the highest common factor of k and i?
13
Let t(w) = w**2 + 34*w - 215. Let c be t(7). What is the greatest common divisor of 2952 and c?
72
Let j = 1064 - 1495. Let d be j/(-4) + 8/32. What is the greatest common divisor of d and 27?
27
Let o be (-1 - 6)/((-1)/(-28)). Let d be (o/(-16) - 3)/(4/16). What is the greatest common factor of 37 and d?
37
Suppose -4*u = 50*u - 7290. What is the greatest common divisor of u and 5?
5
Let u = 107 + -81. What is the greatest common divisor of 26 and u?
26
Let u = 3 - 2. Let k be -1 + (4 + 1)/u. Let o = 9 - k. Calculate the highest common divisor of 25 and o.
5
Let x = -173 + 198. Calculate the greatest common divisor of 1325 and x.
25
Let o(q) = 15*q**2 + q. Let s be o(5). Suppose 4*l - s = l + 5*d, 4*l + 5*d - 530 = 0. What is the greatest common factor of 52 and l?
26
Suppose -7606 = -9*i - 154. What is the highest common factor of i and 36?
36
Suppose 8 = r - 4*k, -r + 4 = k + 1. What is the highest common factor of r and 108?
4
Let n(j) = j + 31. Let a be n(-17). Suppose s - a = -4. What is the highest common factor of s and 4?
2
Let p = -603 + 1171. Calculate the highest common factor of 32 and p.
8
Suppose -4*l + l = -4*l. Suppose 2*x - 72 + 0 = l. Calculate the greatest common factor of x and 18.
18
Let d(z) = -z**2 - 1 + 6*z - 5 + 2*z. Let a be d(4). What is the highest common divisor of a and 80?
10
Let n be -49 + (1 - 1 - -4). Let i be (-6 + 12 + -2)*n/(-4). What is the greatest common divisor of 5 and i?
5
Suppose 10*r - 91 = 3*r. Let q be (15 + -13)/((-4)/(-286)). Calculate the highest common divisor of q and r.
13
Let i = -164 - -108. Let c be 2/7 - (-16)/i. Suppose 4*j - 212 = -2*h, -3*h + j + 3*j + 328 = c. Calculate the highest common divisor of 12 and h.
12
Let v = 4 - -3. Let h = -164 + 281. Let a = -61 + h. Calculate the greatest common divisor of a and v.
7
Let m be (-2 + 1 + 0)*-9. Let j(w) = w**3 - 6*w**2 + 7*w - 1. Let c be j(5). What is the highest common divisor of m and c?
9
Let w = -36 + 102. Calculate the greatest common divisor of 6 and w.
6
Suppose -67*c + 7722 = -34*c. What is the highest common divisor of 65 and c?
13
Let a = 91 - 48. Let r = a - -27. What is the greatest common divisor of r and 10?
10
Let b = 9 - 10. Let h be -60*b/(5/4). Let x = 54 - 22. Calculate the highest common divisor of x and h.
16
Let n(d) = -40*d - 2. Let f(p) = -39*p - 2. Let v = 24 + -26. Let l(x) = v*n(x) + 3*f(x). Let i be l(-1). Calculate the highest common factor of 7 and i.
7
Let v be (1 + -4)*-1*9. Calculate the highest common divisor of 459 and v.
27
Let y = 416 - 209. Calculate the highest common divisor of y and 115.
23
Let i be (-3)/(-15) + 88/10. Let g be ((-63)/(-2))/i*2. What is the greatest common divisor of 21 and g?
7
Suppose -7*a = -4*a. Suppose a*v - 63 = -3*v. Calculate the greatest common divisor of v and 21.
21
Let i(o) = -o**2 + 7*o + 7. Let s be i(7). Suppose 4*d + 356 = 2*x, -x - 914 = -6*x + 2*d. Suppose -9 = 5*f - x. What is the highest common factor of s and f?
7
Let k be 148 + 1/(1 + 30/(-24)). What is the greatest common factor of 18 and k?
18
Let h(k) = -k + 3. Suppose 0 = -4*l + 2*l - 36. Let c be h(l). What is the greatest common divisor of c and 168?
21
Suppose 0 = 22*w + 11*w - 10692. Calculate the highest common factor of w and 198.
18
Let p = 56 - 2. Let u be p + (-2 - (2 + -4)). Calculate the greatest common divisor of 36 and u.
18
Let i(p) = 5*p - 2. Let j be i(1). Suppose 4*a = -j*c + 9 - 1, c - 10 = -5*a. Suppose c = 2*v + 11 - 55. Calculate the greatest common divisor of 2 and v.
2
Suppose -32*l = -28*l - 32. Suppose -l*x + 3*x = -560. What is the highest common divisor of 32 and x?
16
Suppose 0*t = -4*t. Suppose w = -t*w + 168. Calculate the greatest common divisor of w and 48.
24
Suppose -4*x + 18 = -14. Let f = -12 - -28. Calculate the greatest common divisor of x and f.
8
Suppose 0 = 4*b - 15 - 369. What is the highest common divisor of b and 6?
6
Suppose -5*x + c = 19, x - 13 = -0*x - 4*c. Let y be ((-2)/x)/((-2)/(-24)). Suppose -9*l + y*l = -19. What is the highest common factor of 171 and l?
19
Suppose -4*j = -5*y - 7, 0 = -j + 5*y - 9 + 22. Let n = j - -10. What is the greatest common divisor of n and 40?
8
Let b = -75 - -80. Suppose -2*y - 20 = -6*y, 3*y = -4*s + 23. What is the highest common factor of s and b?
1
Let g be (332/(-16))/(2/8). Let d be (-6)/(-27) - g/(-9). Let z be (d/(-2))/(3/4). Calculate the highest common divisor of z and 30.
6
Let f = -766 - -878. Calculate the highest common divisor of f and 128.
16
Let n(j) = -j**3 + 6*j**2 - 2*j - 5. Let g be n(5). Let h be (g - 0)*(-42)/15*-3. Calculate the greatest common factor of 14 and h.
14
Suppose 7*i - 2152 = 2748. Calculate the greatest common divisor of 28 and i.
28
Suppose 0*s - 6 = -2*s, 4*s + 48 = 5*k. Let t be (33/k)/(2/8). What is the greatest common factor of t and 55?
11
Suppose 2*i = 122 + 364. Calculate the highest common factor of 54 and i.
27
Let c = 73 + -33. Suppose -w = -j - c, j + 0 = -4. What is the greatest common divisor of 54 and w?
18
Let m be 12*(99/54 + 1). What is the highest common divisor of 272 and m?
34
Let x be (-6)/(-54) + (-233)/(-9). Calculate the greatest common divisor of 650 and x.
26
Let y(i) = -2*i**2 - 6*i + 2*i**3 + 2*i**2 - i**3 + 5. Let u be (-6)/(-2) + 0 + 0. Let a be y(u). Calculate the highest common divisor of 42 and a.
14
Suppose 0 = -6*i + i. Suppose 4*x - 8 = -l + 7, -3*l + 5*x + 62 = i. Let y be (l/(-1))/((-2)/18). What is the greatest common factor of y and 19?
19
Let y = 248 + -208. What is the highest common factor of y and 50?
10
Suppose -s = 2*s + 3*d - 87, 5*d - 87 = -3*s. What is the greatest common factor of s and 377?
29
Suppose -4*v - 30 - 26 = 0. Let n be 1760/56 - (-6)/v. Let f(i) = 19*i + 3. Let u be f(8). Calculate the greatest common factor of n and u.
31
Let u = 11 + -8. Suppose -q + 3*n - 11 = 0, 4*q - 1 = -0*n + 3*n. Suppose 19 = 5*s + q. What is the highest common factor of u and s?
3
Let s(j) = 16*j**2 + 3*j + 3. Let b be s(-1). What is the greatest common divisor of b and 24?
8
Suppose 81 = -5*m - 184. Let p = m + 117. Calculate the highest common factor of 16 and p.
16
Let z(q) = -q + 1. Suppose t - 9 = 3*y, -y + 0*y = -t + 9. Let o = t + -9. Let c be z(o). Calculate the highest common factor of 7 and c.
1
Let r(x) = 53*x**2 + 3*x - 2. Let